 a factor of 274374?
False
Is 226798 a multiple of 26?
True
Is 8706016 a multiple of 88?
True
Does 9 divide 4729065?
False
Is 5 a factor of 6705791?
False
Is 102768 a multiple of 12?
True
Does 6 divide 162402?
True
Is 1117080 a multiple of 87?
True
Is 127 a factor of 121082?
False
Is 192 a factor of 12074688?
True
Is 56269 a multiple of 12?
False
Is 2 a factor of 92745?
False
Does 182 divide 894054?
False
Is 331 a factor of 572299?
True
Is 350346 a multiple of 15?
False
Is 20 a factor of 198987?
False
Is 17 a factor of 511234?
False
Is 7 a factor of 144945?
False
Is 16 a factor of 3823776?
True
Is 82 a factor of 655672?
True
Does 30 divide 186422?
False
Is 382025 a multiple of 25?
True
Is 358222 a multiple of 9?
False
Is 85 a factor of 1786275?
True
Is 132 a factor of 2401080?
True
Does 54 divide 59895?
False
Is 10238928 a multiple of 84?
True
Is 13 a factor of 11896270?
False
Does 5 divide 79666?
False
Is 145 a factor of 36286?
False
Does 55 divide 361234?
False
Is 38762 a multiple of 14?
False
Does 468 divide 414886?
False
Does 27 divide 586116?
True
Is 134 a factor of 1899064?
False
Is 104640 a multiple of 3?
True
Does 369 divide 53028?
False
Is 11 a factor of 206063?
True
Is 150120 a multiple of 27?
True
Is 5127359 a multiple of 83?
False
Does 539 divide 123970?
True
Is 1159256 a multiple of 163?
True
Does 7 divide 3029579?
True
Does 26 divide 1293387?
False
Is 121 a factor of 1908269?
False
Is 8 a factor of 3976976?
True
Is 943528 a multiple of 11?
False
Is 1303 a factor of 6314338?
True
Is 32 a factor of 141382?
False
Is 11376 a multiple of 18?
True
Does 16 divide 82033?
False
Is 11 a factor of 102882?
False
Does 44 divide 1091286?
False
Is 46 a factor of 83078?
False
Is 4468392 a multiple of 1208?
True
Does 25 divide 18350?
True
Is 733860 a multiple of 60?
True
Is 4434525 a multiple of 9?
True
Is 1727765 a multiple of 65?
True
Is 797629 a multiple of 16?
False
Is 205200 a multiple of 9?
True
Is 981637 a multiple of 6?
False
Does 62 divide 11129496?
True
Is 1097266 a multiple of 307?
False
Is 131705 a multiple of 265?
True
Does 246 divide 1113408?
False
Is 718256 a multiple of 62?
False
Is 2749422 a multiple of 78?
True
Is 243150 a multiple of 150?
True
Does 52 divide 10342239?
False
Is 429716 a multiple of 350?
False
Is 115921 a multiple of 481?
True
Is 257 a factor of 6360236?
True
Does 164 divide 1833520?
True
Does 6 divide 215279?
False
Is 506220 a multiple of 22?
True
Does 11 divide 194898?
True
Does 1320 divide 11532273?
False
Does 82 divide 278541?
False
Is 37 a factor of 5974057?
True
Is 1368110 a multiple of 380?
False
Is 13412496 a multiple of 16?
True
Is 22 a factor of 714604?
True
Is 326229 a multiple of 37?
True
Is 41 a factor of 33356329?
True
Does 17 divide 534633?
True
Does 369 divide 637632?
True
Is 122058 a multiple of 30?
False
Is 5 a factor of 40410?
True
Is 731370 a multiple of 30?
True
Does 21 divide 1093533?
True
Is 395 a factor of 413419?
False
Is 9 a factor of 326339?
False
Is 154480 a multiple of 16?
True
Is 524450 a multiple of 170?
True
Is 13436996 a multiple of 84?
False
Is 87 a factor of 1398499?
False
Does 138 divide 2973210?
True
Is 16 a factor of 1693840?
True
Is 86217 a multiple of 17?
False
Is 164772 a multiple of 18?
True
Is 475826 a multiple of 128?
False
Does 744 divide 3400970?
False
Is 674 a factor of 538538?
False
Is 101 a factor of 43392?
False
Is 12268432 a multiple of 11?
True
Is 131 a factor of 4415355?
True
Is 18 a factor of 835254?
True
Is 213 a factor of 1634571?
False
Does 113 divide 216802?
False
Does 52 divide 3771382?
False
Is 15 a factor of 203228?
False
Does 93 divide 1951326?
True
Is 61 a factor of 229510?
False
Is 7852957 a multiple of 53?
True
Is 2547802 a multiple of 4?
False
Is 52 a factor of 83515?
False
Is 29 a factor of 24203061?
False
Is 961486 a multiple of 17?
True
Is 862 a factor of 10048334?
True
Is 164 a factor of 223040?
True
Is 116466 a multiple of 17?
False
Is 71584 a multiple of 16?
True
Does 133 divide 1485929?
False
Does 856 divide 1942264?
True
Is 465456 a multiple of 16?
True
Does 20 divide 17820?
True
Is 237966 a multiple of 138?
False
Is 6110 a multiple of 94?
True
Is 132496 a multiple of 182?
True
Is 27372 a multiple of 3?
True
Does 18 divide 14676?
False
Is 918000 a multiple of 68?
True
Does 8 divide 321376?
True
Is 247 a factor of 17526720?
False
Does 53 divide 496530?
False
Does 34 divide 278146?
False
Is 34 a factor of 20006314?
True
Is 83 a factor of 67148?
False
Is 14 a factor of 49036?
False
Is 92 a factor of 301484?
True
Is 552 a factor of 183816?
True
Is 554862 a multiple of 14?
True
Is 177 a factor of 717171?
False
Does 356 divide 2230085?
False
Is 1513102 a multiple of 21?
False
Does 77 divide 33572?
True
Is 15366 a multiple of 14?
False
Is 1197049 a multiple of 18?
False
Does 135 divide 11590210?
False
Is 81 a factor of 140599?
False
Is 37 a factor of 2832429?
False
Is 405 a factor of 2365200?
True
Is 21034 a multiple of 809?
True
Does 210 divide 346500?
True
Is 6 a factor of 16355?
False
Is 241 a factor of 441994?
True
Does 137 divide 90018?
False
Does 5 divide 144568?
False
Is 7 a factor of 80224?
False
Does 220 divide 6600?
True
Does 3 divide 42608?
False
Is 213 a factor of 8602710?
False
Is 243 a factor of 1146960?
True
Is 98 a factor of 4659107?
False
Is 42 a factor of 388455?
False
Is 13303 a multiple of 12?
False
Is 34320 a multiple of 132?
True
Does 126 divide 5607690?
False
Is 37 a factor of 659599?
True
Does 11 divide 1549933?
True
Does 83 divide 133132?
True
Is 510 a factor of 1343850?
True
Is 1194 a factor of 24559?
False
Does 247 divide 186623?
False
Is 4 a factor of 1198263?
False
Is 8 a factor of 1010344?
True
Is 128690 a multiple of 170?
True
Does 7 divide 60421?
False
Does 168 divide 133044?
False
Is 67 a factor of 657773?
False
Is 156 a factor of 177317?
False
Is 1126973 a multiple of 816?
False
Is 14 a factor of 235875?
False
Is 8 a factor of 1833098?
False
Is 8256300 a multiple of 730?
True
Is 917 a factor of 5667977?
True
Does 15 divide 9015?
True
Is 16558 a multiple of 17?
True
Is 121 a factor of 631983?
True
Is 179322 a multiple of 13?
True
Does 4 divide 11466?
False
Does 377 divide 1535144?
True
Does 5 divide 93835?
True
Is 66341 a multiple of 273?
False
Is 101 a factor of 76558?
True
Is 55049 a multiple of 9?
False
Does 116 divide 6022356?
False
Is 20 a factor of 1194892?
False
Is 21 a factor of 206556?
True
Does 127 divide 291465?
True
Is 17 a factor of 113322?
True
Is 215165 a multiple of 145?
False
Is 142 a factor of 636444?
True
Is 26 a factor of 16198?
True
Is 75 a factor of 2123250?
True
Is 6413525 a multiple of 5?
True
Does 122 divide 513725?
False
Is 46 a factor of 19347?
False
Is 1815 a multiple of 5?
True
Is 146 a factor of 76796?
True
Is 5791 a multiple of 50?
False
Is 1495901 a multiple of 98?
False
Is 39 a factor of 37898?
False
Is 118566 a multiple of 3?
True
Does 2 divide 249455?
False
Is 51 a factor of 5491884?
True
Is 962400 a multiple of 160?
True
Is 39186 a multiple of 42?
True
Does 16 divide 35628?
False
Is 18847780 a multiple of 244?
True
Does 32 divide 2233950?
False
Is 81 a factor of 67311?
True
Is 7204922 a multiple of 121?
False
Does 67 divide 5833623?
True
Is 15 a factor of 414509?
False
Is 10 a factor of 586922?
False
Is 239 a factor of 4204474?
False
Is 30 a factor of 451710?
True
Does 9 divide 740835?
True
Is 730 a multiple of 4?
False
Is 7 a factor of 424479?
False
Is 32 a factor of 223494?
False
Is 113712 a multiple of 184?
True
Is 15151 a multiple of 7?
False
Is 19 a factor of 475166?
False
Is 470839 a multiple of 5?
False
Is 816335 a multiple of 19?
True
Is 1837832 a multiple of 76?
True
Does 58 divide 6520794?
False
Is 40 a factor of 45420?
False
Is 14 a factor of 329079?
False
Is 42 a factor of 201678?
False
Is 7347914 a multiple of 314?
True
Does 63 divide 579673?
False
Is 705572 a multiple of 9?
False
Is 1592430 a multiple of 42?
True
Is 56 a factor of 10232634?
False
Does 136 divide 1343816?
True
Does 11 divide 52651?
False
Is 65018 a multiple of 118?
True
Is 43977 a multiple of 5?
False
Does 16 divide 1670896?
True
Does 9 divide 228429?
True
Is 715 a factor of 5243576?
False
Does 474 divide 94160?
False
Is 1260 a factor of 5196445?
False
Is 380331 a multiple of 21?
True
Is 5 a fac